. Give g(3).
-74
Let v(f) = f**3 - 117*f**2 + 2826*f - 144. Calculate v(34).
-8
Let h(m) = -31*m**2 - 32*m + 63. What is h(-7)?
-1232
Let i(z) = 6880*z - 2119012. What is i(308)?
28
Let c(s) = -s**3 + 50*s**2 + 327*s - 2833. Determine c(55).
27
Let f(g) = 2*g**3 - 30*g**2 - 488*g + 6170. Determine f(11).
-166
Let f(z) = -z**2 + 374*z + 180. Give f(0).
180
Let p(f) = -140*f + 8767. What is p(62)?
87
Let o(r) = 1403*r + 1531. Give o(-2).
-1275
Let f(x) = -22*x**2 + 127*x - 51. Give f(5).
34
Let o(c) = -3*c**3 + 62*c**2 - 390*c + 701. Give o(10).
1
Let i(d) = 2127*d - 25548. Give i(12).
-24
Let a(m) = -39*m**2 - 283*m + 1414. Determine a(5).
-976
Let l(g) = -g**3 - 64*g**2 - 119*g - 7492. Give l(-64).
124
Let w(j) = -4*j**3 + 67*j**2 + 485*j - 419. What is w(22)?
87
Let u(a) = -a**2 + 18*a + 2276. Give u(-42).
-244
Let n(u) = 2*u**3 + 60*u**2 + 36*u - 281. What is n(-30)?
-1361
Let d(k) = 4657*k - 10252. What is d(2)?
-938
Let k(o) = 20*o**3 + 289*o**2 + 404*o + 360. What is k(-13)?
9
Let g(z) = -z**3 - 20*z**2 + 760*z + 14357. What is g(-18)?
29
Let a(s) = 19*s - 615. Calculate a(102).
1323
Let j(a) = 6*a**3 + 33*a**2 + 31*a + 304. What is j(-6)?
10
Let i(w) = -2*w**2 - 956*w - 20929. What is i(-23)?
1
Let w(a) = -5076*a**2 - 1213165*a - 216. What is w(-239)?
23
Let t(p) = 2127*p - 344579. Determine t(162).
-5
Let n(t) = 191*t - 7130. Calculate n(40).
510
Let d(i) = -11044*i + 154611. What is d(14)?
-5
Let y(v) = -16*v**2 - 2851*v - 2852. Calculate y(-1).
-17
Let i(f) = 10548*f + 63289. Give i(-6).
1
Let c(q) = -764*q + 168. What is c(2)?
-1360
Let h(c) = 17100*c + 17102. What is h(-1)?
2
Let m(x) = -3216*x**2 + 77182*x + 37. Determine m(24).
-11
Let q(z) = 97*z + 815. Give q(-9).
-58
Let h(r) = 554*r - 12233. Give h(22).
-45
Let s(j) = -5*j**3 - 457*j**2 + 277*j + 71. Calculate s(-92).
-21
Let t(s) = -6*s**2 - 475*s + 5381. Calculate t(11).
-570
Let l(g) = -8614*g - 146445. Determine l(-17).
-7
Let c(r) = 57*r**2 - 89*r + 389. What is c(5)?
1369
Let t(h) = 55*h**2 + 2655*h + 16408. Determine t(-41).
8
Let z(b) = -20779*b - 270103. Give z(-13).
24
Let x(a) = a**3 - 130*a**2 - 2217*a - 634. Calculate x(-15).
-4
Let p(w) = 334*w + 3251. Give p(-8).
579
Let g(v) = 5*v**2 + 14122*v + 9490422. Determine g(-1102).
-2
Let i(x) = x**3 - 3*x**2 - 93*x - 468. Calculate i(-5).
-203
Let q(n) = n**3 + 31*n**2 - 2304*n + 604. Calculate q(-66).
208
Let j(r) = -11*r**2 - 2673*r - 15642. Determine j(-6).
0
Let w(b) = -85*b**2 - 1429*b - 61. Give w(-19).
-3595
Let k(p) = 6*p**3 - 1717*p**2 - 19609*p + 28. Determine k(-11).
-16
Let k(z) = z**2 + 258*z - 35339. What is k(99)?
4
Let w(m) = -54111*m + 487005. What is w(9)?
6
Let c(f) = -258*f + 3959. What is c(16)?
-169
Let w(c) = 76*c**2 - 211*c - 27. Give w(4).
345
Let o(x) = -896*x - 102146. Determine o(-114).
-2
Let i(z) = z**3 - 102*z**2 + 1450*z - 4288. Calculate i(4).
-56
Let o(m) = -2*m**3 - 682*m**2 - 5327*m + 335. Determine o(-333).
2
Let b(d) = 34624*d + 69260. Determine b(-2).
12
Let b(g) = -266*g - 19438. Calculate b(-68).
-1350
Let o(s) = 130368*s - 130369. Calculate o(1).
-1
Let r(k) = -34*k**3 - 12*k**2 - 5*k + 33. Calculate r(2).
-297
Let x(h) = -h**3 + 28241*h - 66. Calculate x(0).
-66
Let m(w) = 194*w**2 - 3175*w + 12862. What is m(9)?
1
Let b(c) = 68*c + 329. Calculate b(-10).
-351
Let o(f) = -152*f - 13538. Calculate o(-87).
-314
Let d(p) = 189*p**3 - 3*p**2 + 30*p - 42. What is d(2)?
1518
Let o(v) = -8*v**2 + 6641*v + 33230. What is o(-5)?
-175
Let t(l) = -2*l**3 - 134*l**2 + 123*l - 889. Determine t(-68).
-5
Let m(b) = b**2 + 92*b + 1398. Give m(-22).
-142
Let x(q) = -222*q + 55153. Determine x(246).
541
Let a(b) = 64*b**3 + 3589*b**2 + 261*b - 1060. What is a(-56)?
4
Let l(b) = -5*b**3 - 6*b**2 + 94*b - 19. Determine l(4).
-59
Let n(h) = -25*h**2 - 528*h - 1004. What is n(-19)?
3
Let g(a) = a**3 - 21*a**2 - 644*a + 102. Determine g(-17).
68
Let h(q) = q**2 + 57199*q + 2000731. Give h(-35).
-9
Let j(f) = -354*f**2 - 1737*f + 54. Calculate j(-5).
-111
Let i(z) = 30*z**2 + 8*z - 12. Give i(2).
124
Let x(n) = -3481*n + 25005. Give x(7).
638
Let v(u) = 40*u**2 + 60211*u + 495506. Give v(-1497).
-1
Let k(y) = -304833*y - 1219328. Give k(-4).
4
Let s(n) = -156*n**3 - 11*n**2 + 95*n + 96. Give s(-1).
146
Let o(a) = -2569*a**2 - 251763*a - 114. Determine o(-98).
-16
Let m(k) = -k**3 - 25*k**2 - 144*k + 2. What is m(-8)?
66
Let x(f) = -4*f**3 - 410*f + 1572. Determine x(4).
-324
Let k(d) = 37*d**2 + 1095*d + 1645. What is k(-28)?
-7
Let r(w) = 36*w**2 + 1288*w - 292. Give r(-36).
-4
Let o(y) = -1695*y + 50280. What is o(30)?
-570
Let l(r) = -13720*r - 246942. Give l(-18).
18
Let s(o) = 4*o**2 + 532*o + 535. What is s(-140)?
4455
Let t(a) = -a**3 + 21*a**2 + 168*a - 222. Give t(27).
-60
Let b(z) = 2*z**2 - 1221*z + 9776. Determine b(8).
136
Let p(y) = -11*y**3 - 650*y**2 + 677*y - 25. Calculate p(1).
-9
Let v(c) = c**3 - 111*c**2 - 8650*c + 14033. Determine v(-54).
-7
Let n(l) = 111*l + 6207. Give n(-61).
-564
Let v(c) = 2750*c - 32945. Determine v(12).
55
Let z(n) = 3630*n + 36272. Calculate z(-10).
-28
Let p(l) = -2*l**2 - 610*l - 7137. Give p(-11).
-669
Let s(u) = -7*u**2 + 171*u - 161. Calculate s(26).
-447
Let i(d) = -d**3 - 30*d**2 + 378*d + 10630. Give i(-31).
-127
Let j(a) = 1446*a + 57824. What is j(-40)?
-16
Let s(n) = n**3 + 65*n**2 - 23*n + 7583. Give s(-67).
146
Let w(d) = d**3 - 28*d**2 + 16*d + 708. What is w(26)?
-228
Let f(x) = 14*x**2 - 49*x - 48294. Give f(-57).
-15
Let u(o) = -21*o**3 + 3*o**2 - 174*o - 189. Determine u(0).
-189
Let l(h) = 2*h**2 + 5253*h - 73777. Determine l(14).
157
Let v(b) = -b**3 - 618*b**2 - 56275*b + 1024. Determine v(-507).
10
Let u(q) = -2*q**3 - 44*q**2 - 120*q + 904. What is u(-17)?
54
Let k(s) = -2*s**2 + 138588*s - 1108585. Calculate k(8).
-9
Let n(r) = -2*r**3 + 488*r**2 + 8320*r - 11. Determine n(260).
-11
Let i(b) = b**3 - 164*b**2 - 3039*b + 571. Give i(-17).
-75
Let h(a) = 134*a**2 + 9918*a - 193. Give h(-74).
-341
Let i(t) = -192*t**2 + 1981*t - 669. What is i(10)?
-59
Let i(k) = -62418*k - 312085. Give i(-5).
5
Let z(c) = -65*c**3 + 185*c**2 + 12*c + 3. What is z(3)?
-51
Let j(m) = -10*m**3 - 1782*m**2 - 335*m + 3770. What is j(-178)?
32
Let n(p) = p**3 + 1176*p**2 - 7128*p + 196. Determine n(6).
-20
Let n(q) = 2*q**3 - 94*q**2 + 88*q - 4315. Determine n(47).
-179
Let v(k) = k**2 + 306*k - 40595. Give v(100).
5
Let x(h) = 24*h**2 - 281*h - 779. Calculate x(-3).
280
Let i(h) = 2*h**3 - 750*h**2 + 1094*h - 129411. Give i(374).
-7
Let w(c) = -2*c**3 - 362*c**2 - 370*c - 1847. Give w(-180).
-47
Let v(h) = 4957*h + 560143. What is v(-113)?
2
Let v(c) = -8*c**3 + 477*c**2 - 1355*c + 34854. Determine v(58).
-4
Let f(p) = -2380*p**2 + 135685*p - 1428. What is f(57)?
-3
Let r(p) = 2869*p - 20169. Determine r(7).
-86
Let p(h) = 5*h**3 - 316*h**2 + 956*h - 56256. Give p(63).
3
Let z(g) = -3*g**2 + 2820*g - 432518. Give z(747).
-5
Let b(v) = -1660*v + 6611. What is b(4)?
-29
Let b(n) = n**3 - 535*n**2 - 604*n + 36457. Give b(536).
9
Let n(q) = q**3 - 115*q**2 - 91*q - 979. Give n(116).
1921
Let o(m) = -55*m**2 + 227*m + 46. Calculate o(4).
74
Let j(q) = 255*q**2 - 817*q - 10. Determine j(3).
-166
Let x(b) = -1537*b - 52268. Calculate x(-34).
-10
Let f(j) = 43544*j - 10711905. Determine f(246).
-81
Let q(w) = w**2 - 289*w + 16178. Give q(76).
-10
Let f(k) = -k**2 + 38146*k + 2024579. Determine f(-53).
32
Let t(g) = 36*g**2 - 26984*g + 213561. What is t(8)?
-7
Let g(y) = y**3 - 2*y**2 + 573*y + 3940. Calculate g(-7).
-512
Let y(a) = 34*a**3 - 508*a**2 - 23*a - 186. Determine y(15).
-81
Let z(q) = -q**2 - 739*q - 132740. Give z(-306).
-242
Let u(q) = 5*q**2 - 1048*q + 28. Give u(204).
-5684
Let z(c) = c**2 + 373826*c + 2616723. What is z(-7)?
-10
Let y(h) = 968*h + 370679. Calculate y(-383).
-65
Let j(p) = 31*p**2 - 109*p + 22. Determine j(6).
484
Let x(s) = -s**3 - 109*s**2 + 8*s - 628. Calculate x(-109).
-1500
Let j(b) = 16*b**3 + 320*b**2 + 591*b + 273. What is j(-18)?
3
Let a(n) = -268*n + 58160. Calculate a(216).
272
Let q(c) = -10*c**2 - 657*c - 91. Give q(4).
-2879
Let v(y) = -y**3 + 23*y**2 + 89*y - 1655. Give v(23).
392
Let a(n) = 2*n**2 + 1426*n - 7226. What is a(5)?
-46
Let s(j) = -121*j**2 + 9317*j - 58. Determine s(77).
-58
Let g(q) = 90*q**2 - 